5).
5
Let b(n) = n**3 - 3*n**2 - 7. List the prime factors of b(6).
101
Let d(s) be the third derivative of s**4/24 + s**3/6 + 3*s**2. List the prime factors of d(3).
2
Suppose c - 3*c = -3*a + 31, 0 = 3*a + 2*c - 47. Let m = 23 - a. List the prime factors of m.
2, 5
Let i(j) = 4*j - 27. What are the prime factors of i(15)?
3, 11
Let x = -3 + 5. Suppose 6*u = 4*u - x*n + 20, 4*u - 3*n = 54. List the prime factors of u.
2, 3
Let u(s) = s**3 + 6*s**2 + 4*s - 1. Let f be u(-5). Suppose -11 - 37 = -f*o. Suppose 0 = -0*t - t + o. List the prime factors of t.
2, 3
Suppose 2*f - 4 = -2. Let j be f/2 - 1/2. Suppose -5*s + 2 + 58 = j. List the prime factors of s.
2, 3
Let h(y) = y**2 + 10*y + 13. Let k(m) = 1. Let f(o) = h(o) - 3*k(o). What are the prime factors of f(-10)?
2, 5
What are the prime factors of 2/(0 - 2) - (-290 + 14)?
5, 11
Suppose -4*p + 90 = 5*o + p, -2*p = -o + 30. What are the prime factors of o?
2, 11
Let d(k) = 3*k + 13. Let u(o) = 2*o + 7. Let q(r) = 4*d(r) - 7*u(r). What are the prime factors of q(-3)?
3
Let x(u) = -5*u**3 - 2*u**2 + 2*u - 1. Let k be x(1). List the prime factors of (-27)/k - (-2)/4.
5
Let w(t) = -7*t**3 - 7*t**2 + 11*t + 4. Let x(d) = -d**3 - 1. Let g(j) = -w(j) + 6*x(j). Let i be g(-8). Suppose i - 65 = -3*f. What are the prime factors of f?
17
Let v(l) = l**3 + 6*l**2 + l + 8. Let g be v(-6). Let d = 43 + -43. Suppose d = 6*r - g*r - 52. What are the prime factors of r?
13
Suppose 10 = 5*r - 3*r. Suppose -z + 36 = -r*x, -2*z + 4*z = -4*x + 30. What are the prime factors of z?
3, 7
Let i = 9 + -1. Suppose -1 = -3*s + i. Suppose -s*m = m - 44. List the prime factors of m.
11
Suppose -4*z + m + 2*m + 973 = 0, -z + 5*m + 239 = 0. List the prime factors of z.
2, 61
Let v(p) = p**2 - 3*p - 3. What are the prime factors of v(8)?
37
Suppose 8*x - 15*x + 2345 = 0. What are the prime factors of x?
5, 67
Let y(t) = t + t**2 + 0*t - 27 + 7 + 10*t. List the prime factors of y(-15).
2, 5
Suppose 0 = -19*o + 4*o + 840. List the prime factors of o.
2, 7
Let i be (-7 - -6)/(1/5). Let w be (-2 + 3)*(i + 0). Let m = w + 12. List the prime factors of m.
7
Suppose 120 = 3*s - 4*c, 2*c = 4*s - 51 - 109. Suppose -t + 3 = 4*b - 4, -5*b + 5*t + s = 0. List the prime factors of b.
3
Suppose -5*j = 5*y - 675, 2*y - j - 2*j - 295 = 0. List the prime factors of y.
2, 5, 7
Let p(f) = -2*f**3 + f**3 + f**2 - 3*f**2 - 2*f**2 - 6*f. What are the prime factors of p(-4)?
2, 3
Suppose h + 2*h = 36. Suppose 5*p + 7 = 3*f, 4*p - 8*p - h = -4*f. Suppose f*w - 48 = q, 5*w - 3*q - 14 = 3*w. What are the prime factors of w?
13
Suppose -11*p - 406 = -2562. List the prime factors of p.
2, 7
Suppose -632 + 2151 = 7*z. What are the prime factors of z?
7, 31
Let j be -1 + (1 - 0) - 41. Let h = 57 + j. Suppose 4*g - h = 2*g. What are the prime factors of g?
2
What are the prime factors of -4 - (-4 - (-736)/(-4))?
2, 23
Let t(w) = -w - 1. Suppose -3*u - y - 12 = 0, u = 3*u - 3*y + 8. Let n be t(u). Suppose 4*p = n*i + 5, i + 3*p - 15 = p. What are the prime factors of i?
5
Let h = -60 - -160. List the prime factors of h.
2, 5
Suppose 3*d - 20 = -2*d. Suppose -3*f + 67 = 2*q - 3*q, 89 = d*f - q. What are the prime factors of f?
2, 11
Suppose -2*g + 3*d + 820 = 2*g, 2*g - 5*d - 424 = 0. What are the prime factors of g?
2, 101
Let b(r) = 5*r**2 + 8*r + 40. What are the prime factors of b(-8)?
2, 37
Suppose -2*x = 2*x, 2*w + 2*x = -20. Let b be (-21)/((18/(-4))/3). Let y = b + w. List the prime factors of y.
2
Let y(a) = -a - 1. Let l(m) = -2*m - 2. Let i be l(2). List the prime factors of y(i).
5
Suppose -3*g + 3*w + 6 = 0, -3*g + 2*w = 6*w - 27. Suppose -g*l = -19 + 4. What are the prime factors of l?
3
List the prime factors of ((-2)/(-8))/(20/160).
2
Let u(i) = 2*i - 6. Let n(g) = -g**2 - g + 7. Let l be n(0). Let v be u(l). Let y = 13 - v. What are the prime factors of y?
5
Let b = 6 - 11. Let m = b - -8. Suppose m*s - 5*s = -8. List the prime factors of s.
2
Let x = 113 + -58. What are the prime factors of x?
5, 11
Let m(j) be the first derivative of -5*j**4/2 + j**2 - j + 2. Let x be m(1). List the prime factors of (-3)/(x/12) + 2.
2, 3
Let t(a) = -3*a + 5. List the prime factors of t(-6).
23
Suppose -4*y = 4*a - 1060, 2*a - 4*a + 6 = 0. What are the prime factors of y?
2, 131
Suppose -2*h - 2*b - 2 = 0, -h = -2*b - 0 - 2. Suppose 0 = 4*z - 0*z - 40. Let l = z + h. What are the prime factors of l?
2, 5
Let s(n) be the first derivative of -3*n**2/2 - 10*n - 3. What are the prime factors of s(-9)?
17
Let w be (8/10)/(6/15). Suppose -w*q - q = -45. What are the prime factors of q?
3, 5
Let i(x) = x**2 - 8*x + 8. Let t be i(6). Let o be 34/t - (-5)/10. Let a = o + 16. List the prime factors of a.
2
Let q be 0/(6 + -2 - 3). Let t(f) = f + 17. Let c be t(q). Suppose -l + c = 3. List the prime factors of l.
2, 7
Let t(s) = 20*s - 46. What are the prime factors of t(6)?
2, 37
Suppose 7*u = 3*u + 200. List the prime factors of u.
2, 5
Let a = 1 - -1. Suppose a*l = -3*l + 50. What are the prime factors of l?
2, 5
Let y(r) = -r**2 - 4*r + 3. Let k be y(-4). Suppose 0 = -4*m - x + 9, 3*m + 4*x - 13 + k = 0. What are the prime factors of m?
2
Let b be (-53)/1*1/(-1). Suppose -2*z = -7*z. Suppose z = 3*w - 5*g - b, -g + 2*g = 3*w - 37. List the prime factors of w.
11
Let c(s) = 11*s**2 + 2*s - 2. Let i be c(2). Suppose -p - 16 = -0*p + 5*m, i = 4*p - 2*m. What are the prime factors of p?
3
Let x be 4/3*(3 + 0). Suppose w = -5*m + 12, x = -3*w - 5. List the prime factors of m.
3
Let h(m) = 3*m + 28. What are the prime factors of h(14)?
2, 5, 7
Let j = -2 + -1. Let m(o) = o**2 + o - 2. Let v be m(j). Let k = v - -3. What are the prime factors of k?
7
Suppose 0 = -4*p + 5 + 3. Suppose p*w = -0 + 6. What are the prime factors of 26/w + (-10)/15?
2
Suppose -8*b + 5*b = -39. Suppose b = 2*n - n. Suppose -3*d = -n - 8. What are the prime factors of d?
7
Suppose -12 = -k - 2*k. Suppose -k*h = -h + 5*z + 19, -3*z = 15. Suppose 2*j - 5*j - h*m + 20 = 0, -3*j - 4*m + 22 = 0. What are the prime factors of j?
2, 3
Let w = 7 - 7. Suppose -3*s + 13 + 11 = w. What are the prime factors of s?
2
Let n(k) be the first derivative of k**3/6 + k + 1. Let v(w) be the first derivative of n(w). What are the prime factors of v(9)?
3
Suppose 33 = 3*m + 3*r, 2*m - 7*m = -4*r - 28. List the prime factors of m.
2
Let v(m) = -2*m**3 - 3*m**2 - 6*m - 9. What are the prime factors of v(-5)?
2, 7
Suppose -2*d + 5*d = 6. Let j = 9 + d. List the prime factors of j.
11
Let l be (423/27)/((-2)/(-12)). Suppose 2*y - l = -0*y. What are the prime factors of y?
47
Let b be 1/(-2 - (-7)/3). Suppose b*x - 20 = -x. Suppose -x*v + 3*v + 6 = 0. What are the prime factors of v?
3
Let i be ((-5)/(-4))/((-3)/(-12)). Suppose -i*s + 2*s + 15 = 0. What are the prime factors of 2/s + (-8)/(-5)?
2
Let h be 0*(-1)/6*-3. Suppose h = 3*d - 4*d - 4*z + 11, z - 22 = -3*d. What are the prime factors of d?
7
Suppose -32*h + 21 = -31*h. What are the prime factors of h?
3, 7
List the prime factors of (-1 - (-546)/(-4))/(12/(-24)).
5, 11
Let f(h) = 2*h**2 - 14*h + 14. What are the prime factors of f(14)?
2, 3, 5, 7
Let j = 107 + -21. List the prime factors of j.
2, 43
Suppose -q = 3*q - 12. Suppose -p + q = -9. Suppose 2*f - p = -2. What are the prime factors of f?
5
Let f be 6*(-1)/((-9)/12). Suppose 0 = 2*l - 6*l + f. Suppose -l*m + 0*m + x = -17, 0 = -m - 3*x + 5. List the prime factors of m.
2
Let n = 5 - 5. Suppose n = g - 5*g + 60. List the prime factors of g.
3, 5
Let w be (232/(-12))/((-4)/18). Suppose 5*c - 23 - w = 0. Suppose 0*g - c = -2*g. What are the prime factors of g?
11
Suppose -8*t + 13*t = 0. Suppose -4*f + t*n + 2*n = -134, -87 = -3*f - 3*n. What are the prime factors of f?
2
Let m(b) = -2*b - 2. Suppose k - 2 = -5. Let u be m(k). Suppose 0 = -5*d - 5*j - 2 + 47, 0 = u*d - 2*j - 6. What are the prime factors of d?
2
Let d = -1 - 17. Let u = d + 32. List the prime factors of u.
2, 7
Let g(m) = m. Let t(n) = -3*n + 2. Let q(v) = 2*g(v) - t(v). What are the prime factors of q(2)?
2
Suppose 42 + 33 = -5*b. Let w = b + 21. List the prime factors of w.
2, 3
Suppose -2*f + 5*f - 84 = 0. List the prime factors of f.
2, 7
Let k = -2 - -6. Suppose t - 2*u - 19 = 1, -3*t = -k*u - 58. What are the prime factors of t?
2, 